(d) = 5*d**2 - 9. Give p(-2).
11
Let t(u) = -12*u**2 + 228*u + 7999. What is t(37)?
7
Let r(z) = 5*z - 289. Calculate r(30).
-139
Let y(r) = -18*r + 771. Calculate y(39).
69
Let s(u) = u**3 - 36*u**2 + 123*u - 74. Give s(32).
-234
Let g(s) = -128*s + 723. Calculate g(6).
-45
Let z(r) = -24*r - 212. What is z(-8)?
-20
Let u(d) = -d**3 + 95*d**2 + 192*d + 161. Give u(97).
-33
Let m(n) = n**2 + 65*n + 605. Give m(-54).
11
Let a(j) = -45*j - 3367. Determine a(-77).
98
Let n(d) = 13*d**3 + d**2 + d + 1. Determine n(1).
16
Let i(w) = -28*w**3 + w**2 - 10*w + 10. Calculate i(1).
-27
Let p(b) = 2*b**3 + 13*b**2 + 23*b + 96. Calculate p(-6).
-6
Let v(g) = g**3 + 22*g**2 - 36*g - 362. Calculate v(-23).
-63
Let r(d) = -2*d**3 - 24*d**2 + 55*d + 362. Determine r(-13).
-15
Let v(s) = 8*s**3 - 92*s**2 - 47*s - 11. Determine v(12).
1
Let h(c) = c**3 + 3*c**2 + 6*c + 26. What is h(-4)?
-14
Let j(v) = -v**3 - 156*v**2 + 430*v + 18020. Give j(-158).
8
Let j(u) = u**3 + 13*u**2 + 7*u - 18. Calculate j(-9).
243
Let b(d) = -d**3 - 7*d**2 - 11*d - 46. Calculate b(-7).
31
Let o(v) = 3*v**3 - 11*v**2 + 8*v - 4. Determine o(4).
44
Let c(n) = 4*n - 25. What is c(-11)?
-69
Let a(x) = x + 27. Calculate a(-16).
11
Let u(p) = 1057*p - 5. Give u(0).
-5
Let p(r) = -r**3 - 10*r**2 + 28*r + 245. Determine p(-11).
58
Let b(y) = 4*y**2 + 265*y + 266. Calculate b(-1).
5
Let r(o) = -22*o + 397. Calculate r(18).
1
Let x(p) = 62*p**3 + p**2 - 5*p + 4. What is x(1)?
62
Let m(z) = z**3 + 23*z**2 - 58*z - 1771. Determine m(-22).
-11
Let k(w) = 11*w**3 + 114*w**2 + 39*w - 24. What is k(-10)?
-14
Let q(s) = -31*s + 531. Calculate q(-8).
779
Let l(h) = 20*h**3 + 4*h**2 + h - 3. What is l(1)?
22
Let g(s) = -4*s**3 - 77*s**2 - 30*s - 227. Determine g(-19).
-18
Let d(h) = -h**3 + 26*h**2 - 149*h + 103. What is d(7)?
-9
Let w(y) = -y**3 - 14*y**2 - 10*y + 14. Give w(-13).
-25
Let x(c) = -c**2 - 14*c + 49. Calculate x(-17).
-2
Let k(l) = -3*l**2 + 39. Calculate k(6).
-69
Let o(t) = -24*t + 2304. Give o(87).
216
Let p(d) = -2*d**3 - 230*d**2 + 238*d + 690. Give p(-116).
-6
Let z(n) = 2*n**2 + 286*n - 9965. Calculate z(-172).
11
Let h(c) = -2*c**3 + 40*c**2 - 78*c - 106. Give h(17).
302
Let w(y) = 624*y - 3768. What is w(6)?
-24
Let h(q) = -952*q + 11430. What is h(12)?
6
Let s(v) = 2*v**2 - 93*v - 48. Give s(45).
-183
Let a(y) = y**2 - 64*y + 110. Determine a(65).
175
Let m(h) = 6*h**2 + 418*h + 14. Calculate m(-69).
-262
Let v(a) = 6229*a + 24910. Calculate v(-4).
-6
Let p(w) = -2*w**3 + 34*w**2 - 35*w + 67. Calculate p(16).
19
Let a(z) = -z**3 - 18*z**2 - 26*z + 79. Determine a(-16).
-17
Let n(b) = -b**3 - 3*b**2 - 284*b - 3. Calculate n(0).
-3
Let g(q) = -q**3 + 27*q**2 - 70*q - 18. What is g(24)?
30
Let j(m) = m**2 + 69*m + 393. Give j(-63).
15
Let n(v) = 5*v**2 - 12*v + 26. Give n(4).
58
Let j(u) = -17*u**2 + 2275*u + 353. Give j(134).
-49
Let d(h) = 4*h + 73. Give d(-41).
-91
Let m(g) = -105*g + 57. Give m(5).
-468
Let l(w) = w**2 + 24*w + 153. Calculate l(-14).
13
Let q(p) = 4*p**2 - 24*p + 12. Give q(5).
-8
Let h(t) = -285*t + 1711. Calculate h(6).
1
Let q(z) = -8*z - 646. Give q(-51).
-238
Let t(v) = 60*v + 392. Give t(-6).
32
Let a(h) = -2*h**2 + 40*h - 93. What is a(17)?
9
Let x(z) = z**2 + 266*z - 3057. Determine x(11).
-10
Let z(p) = -300*p - 3294. Calculate z(-11).
6
Let j(q) = q**3 + 11*q**2 - 476*q - 23. Determine j(17).
-23
Let u(w) = 32*w**2 - 415*w - 68. Calculate u(13).
-55
Let y(k) = -2*k**2 - 29*k - 20. Calculate y(0).
-20
Let z(n) = 18*n**3 + 11*n**2 - 23*n + 12. What is z(2)?
154
Let f(s) = 6*s**3 + 3*s**2 - s - 4. What is f(2)?
54
Let g(m) = m**2 - 42*m + 421. Give g(26).
5
Let v(h) = h**2 - 94*h + 1763. Give v(68).
-5
Let h(n) = 264*n + 58. What is h(-1)?
-206
Let s(w) = -2*w**2 - 67*w + 52. Calculate s(-36).
-128
Let s(h) = 299*h + 494. Calculate s(-2).
-104
Let p(h) = 9*h**2 - 50*h + 2. Determine p(5).
-23
Let w(k) = k**3 - 2*k**2 - 3*k - 42. What is w(-6)?
-312
Let x(p) = -5*p**3 - 30*p**2 + 27*p - 65. Calculate x(-7).
-9
Let l(c) = -c**2 + 123*c + 10726. Calculate l(182).
-12
Let h(i) = -4*i**3 + 21*i**2 - 77*i + 228. Calculate h(4).
0
Let m(b) = b**3 - 160*b**2 - 314*b + 10. Determine m(-2).
-10
Let r(f) = 52*f + 726. Give r(-14).
-2
Let u(j) = 49*j**2 - j - 4. What is u(-2)?
194
Let o(v) = -337*v - 3368. Calculate o(-10).
2
Let k(d) = 2*d**3 - 40*d**2 + 74*d - 19. Give k(18).
17
Let q(o) = 20204*o - 40408. Determine q(2).
0
Let k(z) = 13*z - 23. What is k(-4)?
-75
Let j(y) = 43*y + 476. Give j(-11).
3
Let n(a) = -161*a - 3887. What is n(-24)?
-23
Let d(h) = -2*h**2 + 14. Give d(4).
-18
Let t(r) = r**3 - 74*r**2 + r - 87. What is t(74)?
-13
Let m(z) = -z**3 + 28*z**2 - 115*z - 14. Calculate m(5).
-14
Let t(g) = 27*g + 21. Give t(-1).
-6
Let h(l) = 3*l**3 - 20*l**2 + 12*l - 4. Calculate h(6).
-4
Let g(f) = -f**3 + 37*f**2 + 44*f + 22. What is g(38)?
250
Let m(y) = 538*y + 5965. What is m(-11)?
47
Let x(y) = y**2 - 47*y + 388. What is x(36)?
-8
Let f(n) = -2*n**3 - 168*n**2 - 2*n - 149. Determine f(-84).
19
Let w(p) = 34*p + 410. Calculate w(-13).
-32
Let t(p) = 3*p**3 + 9*p**2 + 7*p + 8. Calculate t(-4).
-68
Let k(t) = 326*t - 322. Calculate k(1).
4
Let x(c) = -2*c**3 - 35*c**2 + 19*c + 26. What is x(-18)?
8
Let y(d) = -96*d - 511. Determine y(-8).
257
Let l(b) = -2*b**3 - 26*b**2 + 4*b - 144. Give l(-13).
-196
Let g(x) = 519*x - 5597. What is g(11)?
112
Let d(k) = k**3 - 2*k**2 + 17*k - 161. What is d(4)?
-61
Let u(m) = m**3 + 39*m**2 - m - 38. Give u(-39).
1
Let h(u) = 2*u**3 - 42*u**2 - 8*u + 962. Determine h(20).
2
Let q(j) = j**2 - 18*j + 74. Calculate q(10).
-6
Let i(m) = m**3 - 20*m**2 - 53*m - 8. Determine i(22).
-206
Let j(r) = -r**2 + 14*r + 753. Determine j(-26).
-287
Let q(d) = 64*d - 3917. Determine q(61).
-13
Let l(t) = -6*t - 169. Determine l(0).
-169
Let k(u) = -u**3 - 18*u**2 - u - 54. What is k(-18)?
-36
Let u(h) = -503*h**2 - 5535*h - 20. What is u(-11)?
2
Let u(d) = d**2 + 41*d - 6377. Determine u(-103).
9
Let l(g) = -g**2 - 3610*g + 25319. Determine l(7).
0
Let f(b) = -b**3 + 3*b**2 + 18*b + 10. Determine f(-4).
50
Let b(x) = 6*x - 649. Determine b(92).
-97
Let d(w) = 2*w**2 + 301*w - 2562. What is d(8)?
-26
Let s(o) = -19*o**3 + 5*o**2 + 7*o. Determine s(-2).
158
Let o(w) = w**2 - 200*w + 8073. Calculate o(144).
9
Let n(m) = 2*m**2 + 74*m + 415. Determine n(-32).
95
Let i(j) = 9*j**3 + 25*j**2 + 25*j - 2. What is i(-1)?
-11
Let z(o) = 4*o**3 + 50*o**2 + 52*o - 11. What is z(-11)?
143
Let m(g) = -g**3 - 11*g**2 - 23*g - 203. Determine m(-10).
-73
Let n(m) = -2*m**2 - 53*m + 179. Calculate n(3).
2
Let c(h) = 10*h**3 + 311*h**2 + 31*h - 1. Determine c(-31).
-1
Let m(i) = 29*i + 154. Calculate m(-5).
9
Let y(i) = 41*i + 412. Calculate y(-11).
-39
Let x(a) = -a**3 - 108*a**2 - 800*a - 141. Determine x(-100).
-141
Let z(f) = f**3 - 3*f**2 + 137*f + 414. Calculate z(-3).
-51
Let j(y) = -y**3 - 17*y**2 - 32*y - 244. Give j(-16).
12
Let j(w) = -w**3 + 46*w**2 - 155. Give j(46).
-155
Let q(t) = -29*t - 57. Determine q(-11).
262
Let a(i) = -13*i**2 - 139*i - 305. Give a(-3).
-5
Let t(r) = -11*r - 210. Calculate t(-7).
-133
Let h(m) = 255*m + 1549. Calculate h(-6).
19
Let z(g) = 43*g - 995. Determine z(23).
-6
Let y(v) = -76*v - 713. Determine y(-8).
-105
Let a(l) = l**2 - 2146*l + 117038. Calculate a(56).
-2
Let j(q) = -1178*q + 3524. Determine j(3).
-10
Let n(c) = 2*c**2 + 44*c - 151. Give n(-28).
185
Let q(n) = n**3 - 8*n**2 + 262*n - 1779. Give q(7).
6
Let y(p) = -p**3 + 2*p**2 - 2*p - 5. Give y(-1).
0
Let m(k) = 2*k**3 - 47*k**2 - 119*k + 46. Give m(26).
332
Let f(s) = s**2 - 24*s - 221. Calculate f(-8).
35
Let c(a) = -a**3 - 13*a**2 - 18*a + 40. Calculate c(-8).
-136
Let y(k) = 55*k - 1756. Determine y(32).
4
Let m(n) = -17*n**2 - 487*n + 169. Calculate m(-29).
-5
Let u(f) = 128*f - 1731. Give u(14).
61
Let p(q) = q**3 + 73*q**2 + 70*q - 291. Give p(-72).
-147
Let x(d) = -d + 38. Give x(-31).
69
Let f(l) = 77*l - 397. Calculate f(5).
-12
Let i(t) = -t**3 - 9*t**2 + 9*t - 4. What is i(-7)?
-165
Let i(f) = -f**3 - 111*f**2 + 727*f + 2922. What is i(-117)?
-3
Let f(s) = -2*s**2 - 25*s - 80. Give f(-11).
-47
Let h(f) = -f**3 + 8*f**2 - 26*f + 571. Calculate h(13).
-612
Let y(t) = -t**3 - 4*t**2 + 5*t - 4. What is y(4)?
-112
Let j(b) = 63*b + 363. C